{"id":6333,"date":"2016-06-18T20:10:08","date_gmt":"2016-06-18T18:10:08","guid":{"rendered":"https:\/\/home.dahlhaus.us\/cpc\/?page_id=6333"},"modified":"2022-05-02T11:22:59","modified_gmt":"2022-05-02T09:22:59","slug":"impressum","status":"publish","type":"page","link":"https:\/\/www.cpc.de\/?page_id=6333","title":{"rendered":"Impressum"},"content":{"rendered":"[vc_row type=&#8220;full_width_background&#8220; full_screen_row_position=&#8220;middle&#8220; scene_position=&#8220;center&#8220; text_color=&#8220;dark&#8220; text_align=&#8220;left&#8220; top_padding=&#8220;30&#8243; bottom_padding=&#8220;5%&#8220; overlay_strength=&#8220;0.3&#8243;][vc_column column_padding=&#8220;no-extra-padding&#8220; column_padding_position=&#8220;all&#8220; background_color_opacity=&#8220;1&#8243; background_hover_color_opacity=&#8220;1&#8243; width=&#8220;1\/3&#8243; tablet_text_alignment=&#8220;default&#8220; phone_text_alignment=&#8220;default&#8220;][vc_column_text]\n<h2><span style=\"color: #fbbd1a;\">Verantwortlich f\u00fcr den Inhalt dieser Website nach \u00a76 TKG ist:<\/span><\/h2>\n[\/vc_column_text][\/vc_column][vc_column column_padding=&#8220;no-extra-padding&#8220; column_padding_position=&#8220;all&#8220; background_color_opacity=&#8220;1&#8243; background_hover_color_opacity=&#8220;1&#8243; width=&#8220;2\/3&#8243; tablet_text_alignment=&#8220;default&#8220; phone_text_alignment=&#8220;default&#8220;][vc_column_text]\n<p class=\"Std-Text\">colorplasticchemie<br \/>\nAlbert Schleberger GmbH<br \/>\nSchlosserstr. 5<br \/>\n42899 Remscheid<\/p>\n<p class=\"Std-Text\">Telefon: +49 (0)2191 56 19-0<br \/>\nE-Mail:\u00a0<span id=\"cloak40701\"><a href=\"mailto:info@cpc.de\">info@cpc.de<\/a><\/span><\/p>\n<p class=\"Std-Text\">Gesch\u00e4ftsf\u00fchrer: Albert Schleberger, Alexander Schleberger<br \/>\nRegistergericht: Amtsgericht Wuppertal<br \/>\nRegisternummer: HRB 11218<\/p>\n<p class=\"Std-Text\">Umsatzsteuer-Identifikationsnummer<br \/>\ngem\u00e4\u00df \u00a7 27a UStG.: DE120808917<\/p>\n<p class=\"Std-Text\"><strong>Haftungshinweis<\/strong> Trotz sorgf\u00e4ltiger inhaltlicher Kontrolle \u00fcbernehmen wir keine Haftung f\u00fcr die Inhalte externer Links. F\u00fcr den Inhalt der verlinkten Seiten sind ausschlie\u00dflich deren Betreiber verantwortlich.<\/p>\n<p class=\"Std-Text\"><strong>Rechtserkl\u00e4rung<\/strong>\u00a0Das Landgericht Hamburg hat am 12. Mai 1998 mit Urteil 312 O 85\/98 &#8222;Haftung f\u00fcr Links&#8220; entschieden, dass durch die Ver\u00f6ffentlichung eines Links auf einer Homepage die Inhalte der gelinkten Seiten mit zu verantworten sind. Das l\u00e4sst sich nur verhindern, wenn man sich ausdr\u00fccklich von den Inhalten der gelinkten Seiten distanziert. Wir distanzieren uns daher von allen Inhalten, die sich hinter den angegebenen Links, den dahinter stehenden Servern, weiterf\u00fchrenden Links, G\u00e4steb\u00fcchern und s\u00e4mtlichen anderen sichtbaren und nicht sichtbaren Inhalten verbergen. Sollte eine der Seiten auf den entsprechenden Servern gegen geltendes Recht versto\u00dfen, so ist uns dieses nicht bekannt.<br \/>\nAuf entsprechende Benachrichtigung hin werden wir selbstverst\u00e4ndlich den Link zu dem entsprechenden Server entfernen.<\/p>\n[\/vc_column_text][\/vc_column][\/vc_row]\n","protected":false},"excerpt":{"rendered":"<p>[vc_row type=&#8220;full_width_background&#8220; full_screen_row_position=&#8220;middle&#8220; scene_position=&#8220;center&#8220; text_color=&#8220;dark&#8220; text_align=&#8220;left&#8220; top_padding=&#8220;30&#8243; bottom_padding=&#8220;5%&#8220; overlay_strength=&#8220;0.3&#8243;][vc_column column_padding=&#8220;no-extra-padding&#8220; column_padding_position=&#8220;all&#8220; background_color_opacity=&#8220;1&#8243; background_hover_color_opacity=&#8220;1&#8243; width=&#8220;1\/3&#8243; tablet_text_alignment=&#8220;default&#8220; phone_text_alignment=&#8220;default&#8220;][vc_column_text] Verantwortlich f\u00fcr den Inhalt dieser Website nach \u00a76 TKG ist: [\/vc_column_text][\/vc_column][vc_column column_padding=&#8220;no-extra-padding&#8220; column_padding_position=&#8220;all&#8220; background_color_opacity=&#8220;1&#8243;&#8230;<\/p>\n","protected":false},"author":2,"featured_media":0,"parent":0,"menu_order":0,"comment_status":"closed","ping_status":"closed","template":"","meta":{"footnotes":""},"class_list":["post-6333","page","type-page","status-publish"],"_links":{"self":[{"href":"https:\/\/www.cpc.de\/index.php?rest_route=\/wp\/v2\/pages\/6333","targetHints":{"allow":["GET"]}}],"collection":[{"href":"https:\/\/www.cpc.de\/index.php?rest_route=\/wp\/v2\/pages"}],"about":[{"href":"https:\/\/www.cpc.de\/index.php?rest_route=\/wp\/v2\/types\/page"}],"author":[{"embeddable":true,"href":"https:\/\/www.cpc.de\/index.php?rest_route=\/wp\/v2\/users\/2"}],"replies":[{"embeddable":true,"href":"https:\/\/www.cpc.de\/index.php?rest_route=%2Fwp%2Fv2%2Fcomments&post=6333"}],"version-history":[{"count":13,"href":"https:\/\/www.cpc.de\/index.php?rest_route=\/wp\/v2\/pages\/6333\/revisions"}],"predecessor-version":[{"id":7226,"href":"https:\/\/www.cpc.de\/index.php?rest_route=\/wp\/v2\/pages\/6333\/revisions\/7226"}],"wp:attachment":[{"href":"https:\/\/www.cpc.de\/index.php?rest_route=%2Fwp%2Fv2%2Fmedia&parent=6333"}],"curies":[{"name":"wp","href":"https:\/\/api.w.org\/{rel}","templated":true}]}}